at is -100 - 3?
-103
In base 7, what is -2 - -110?
105
In base 10, what is -7 - -2902?
2895
In base 13, what is 555 + -1?
554
In base 15, what is 3 + -75?
-72
In base 6, what is 2032 + -3?
2025
In base 7, what is -5105 + -3?
-5111
In base 14, what is -12d - 1?
-130
In base 9, what is -140 + -124?
-264
In base 12, what is -5 + -22?
-27
In base 9, what is -17 + -47?
-65
In base 12, what is 71 - 50?
21
In base 5, what is -302 + 233?
-14
In base 11, what is 59 + 20a?
268
In base 16, what is -28 - -5?
-23
In base 2, what is 10 + 10000101001?
10000101011
In base 16, what is e49 - 2?
e47
In base 15, what is -11 + -10e?
-120
In base 7, what is -22 + -32?
-54
In base 4, what is -11200 + 11?
-11123
In base 16, what is 4 + 20?
24
In base 10, what is -98 + 4?
-94
In base 13, what is c - 17?
-8
In base 15, what is -119 + 3?
-116
In base 12, what is -5 + 12?
9
In base 14, what is 0 - 47?
-47
In base 3, what is 222110 + 10?
222120
In base 15, what is -9 - -2e7?
2dd
In base 13, what is 9b - -49?
117
In base 4, what is -1200 + -103?
-1303
In base 16, what is -3 + -d3?
-d6
In base 10, what is -704 + 2?
-702
In base 16, what is 3 + -648?
-645
In base 10, what is 367 + 5?
372
In base 5, what is -11203 - 3?
-11211
In base 14, what is 2978 + -5?
2973
In base 9, what is 10 - -676?
686
In base 8, what is -3 + -43?
-46
In base 7, what is -11 + 513?
502
In base 10, what is -6 + -4?
-10
In base 12, what is 0 - -47?
47
In base 4, what is 101 + 221?
322
In base 6, what is 2 + -124?
-122
In base 14, what is -6 + -2?
-8
In base 14, what is -2 - 7?
-9
In base 5, what is -304 - 10?
-314
In base 14, what is -b + -18?
-25
In base 6, what is 3 + -22411?
-22404
In base 9, what is 280 - -54?
344
In base 9, what is -5 + 821?
815
In base 11, what is -11 + -459?
-46a
In base 10, what is -3939 - -5?
-3934
In base 5, what is -2312 - 10?
-2322
In base 8, what is 4 - 542?
-536
In base 5, what is -31 + 322?
241
In base 5, what is -1001 - 3?
-1004
In base 3, what is 101102222 + 10?
101110002
In base 8, what is 67 + 5?
74
In base 3, what is 2102 + 10?
2112
In base 10, what is -1470 - 1?
-1471
In base 2, what is 0 + 1011100001?
1011100001
In base 3, what is 101 - 1101?
-1000
In base 3, what is -2220200 + 10?
-2220120
In base 8, what is -66 + -60?
-146
In base 3, what is 102 - -22?
201
In base 4, what is 23111 - 11?
23100
In base 9, what is 2 + 715?
717
In base 10, what is -303 + 7?
-296
In base 10, what is -2512 - -1?
-2511
In base 8, what is 1 + 1326?
1327
In base 13, what is -3 - -54?
51
In base 8, what is 3 - 35?
-32
In base 10, what is 1 + 48?
49
In base 15, what is -278 - -5?
-273
In base 13, what is 634 + -1?
633
In base 16, what is -f - 5e4?
-5f3
In base 13, what is -98 + -5?
-a0
In base 10, what is -854 - 2?
-856
In base 14, what is 5016 + 3?
5019
In base 12, what is -12 + -151?
-163
In base 10, what is 3 - -20?
23
In base 11, what is -246 - -4a?
-1a7
In base 6, what is 143 - -201?
344
In base 2, what is -1 + -11000111?
-11001000
In base 4, what is 131 - 21?
110
In base 7, what is 253 + -35?
215
In base 12, what is -b + -45?
-54
In base 7, what is -11 + 300?
256
In base 13, what is -9 - 4a?
-56
In base 16, what is -84 - 13?
-97
In base 10, what is 28 - -12?
40
In base 2, what is -1001 + -11111?
-101000
In base 14, what is -d + -4?
-13
In base 3, what is 20 - -20000111?
20000201
In base 7, what is -3 - -401?
365
In base 16, what is -49 - -14b?
102
In base 3, what is 2102 - 10?
2022
In base 7, what is 1236 + -5?
1231
In base 6, what is 10 - 1524?
-1514
In base 12, what is -3 - -12b?
128
In base 7, what is -4530 - -1?
-4526
In base 12, what is -2 + -17b6?
-17b8
In base 15, what is c - 233?
-226
In base 6, what is -152053 + 0?
-152053
In base 12, what is 1 + -205?
-204
In base 9, what is 10 - -42?
52
In base 5, what is 1 + 141?
142
In base 8, what is -561 - 2?
-563
In base 10, what is -16 - -3?
-13
In base 10, what is 77 - -14?
91
In base 2, what is -101100 - 1000010?
-1101110
In base 8, what is 47 - 102?
-33
In base 12, what is -37 + 26?
-11
In base 8, what is -42 - 60?
-122
In base 9, what is 0 - 8?
-8
In base 7, what is 106 + 5?
114
In base 4, what is 3113 + -11?
3102
In base 16, what is 1 - 442?
-441
In base 6, what is 4 + -20232?
-20224
In base 16, what is c + -1?
b
In base 16, what is -332 - -3?
-32f
In base 5, what is -3332 + 3?
-3324
In base 14, what is 3 - 18d?
-18a
In base 3, what is 22122 - 12?
22110
In base 9, what is 18 + -5?
13
In base 12, what is -7 + 2b?
24
In base 15, what is 3 - 1be?
-1bb
In base 9, what is -63 + 18?
-44
In base 5, what is -3 + 44244?
44241
In base 2, what is -11101 + 1010001?
110100
In base 6, what is -2 - -31345?
31343
In base 6, what is -2 + -4553?
-4555
In base 2, what is -1 + 1110000?
1101111
In base 12, what is -49b3 - 1?
-49b4
In base 15, what is 5 - -3c?
42
In base 10, what is -75 + -2?
-77
In base 15, what is 84 + 22?
a6
In base 2, what is -11 + -1110001?
-1110100
In base 14, what is -1 - -2?
1
In base 3, what is -1 - 121001?
-121002
In base 13, what is -3656 - 5?
-365b
In base 7, what is -1503 - 11?
-1514
In base 8, what is 2 - -1125?
1127
In base 10, what is -18 + -32?
-50
In base 14, what is -a7 - 5?
-ac
In base 4, what is 211 - -13?
230
In base 5, what is 20 - -14031?
14101
In base 16, what is -4 - e?
-12
In base 14, what is cc - -5?
d3
In base 15, what is -4 - 23?
-27
In base 16, what is -9 + -1f?
-28
In base 15, what is 4 + 32?
36
In base 16, what is 4 - 163b?
-1637
In base 14, what is 1067 - 4?
1063
In base 14, what is 44 - 0?
44
In base 8, what is 44 - -50?
114
In base 10, what is -2 + -6?
-8
In base 4, what is 12102 - 11?
12031
In base 14, what is 6 + 19?
21
In base 4, what is -102 - -20?
-22
In base 8, what is -3 - 3362?
-3365
In base 4, what is 2 - -301?
303
In base 12, what is -3 - 452?
-455
In base 16, what is -f3 - -4?
-ef
In base 15, what is -5 - 13?
-18
In base 3, what is 101211 - -10?
101221
In base 11, what is -6 - 2?
-8
In base 15, what is 2b9a - 0?
2b9a
In base 14, what is -403 - -16?
-3cb
In base 6, what is -15 + -15?
-34
In base 13, what is 5 + 16?
1b
In base 7, what is -30 + -20?
-50
In base 10, what is 3 - -343?
346
In base 14, what is 29 + 3?
2c
In base 2, what is 1001 - -10100110101?
10100111110
In base 13, what is -627 + 13?
-614
In base 4, what is 13 - -2121?
2200
In base 8, what is 4 + -47?
-43
In base 3, what is 100000 - 0?
100000
In base 11, what is 43 - 5?
39
In base 14, what is 468 - 0?
468
In base 15, what is -1 - 77?
-78
In base 7, what is 0 + 1010?
1010
In base 15, what is 2d + -4?
29
In base 6, what is -310 - -14?
-252
In base 2, what is -1001010110 + -1?
-1001010111
In base 2, what is 101010100 - 1001?
101001011
In base 16, what is -92 + -47?
-d9
In base 2, what is 111 - -101111?
110110
In base 3, what is 1121 + 1?
1122
In base 14, what is -77 - -4?
-73
In base 14, what is 0 + -445?
-445
In base 8, what is -4 + 141?
135
In base 12, what is -1 + -94?
-95
In base 11, what is -a + 4a9?
49a
In base 13, what is -2bc + 4?
-2b8
In base 9, what is 233 - -38?
272
In base 16, what is -4 - -1e03?
1dff
In base 9, what is 126 - 67?
48
In base 8, what is -1 - -3577?
3576
In base 7, what is -430 - 3?
-433
In base 16, what is 2 + -38f?
-38d
In base 9, what is 25315 + -2?
25313
In base 6, what is -3 + 223?
220
In base 3, what is -2 - -1021201?
1021122
In base 7, what is 364 + 41?
435
In base 5, what is -20 - -1?
-14
In base 2, what is -10 - -10011000?
10010110
In base 15, what is -2 + -42?
-44
In base 10, what is -3 + -82?
-85
In base 7, what is 1 - -43?
44
In base 4, what is -11 + -2201?
-2212
In base 9, what is -1 - -225?
224
In base 7, what is 1013 - 3?
1010
In base 10, what is -2 + 4991?
4989
In base 11, what is -3a82 - -1?
-3a81
In base 14, what is 23 + -16?
b
In base 6, what is -4510 + -5?
-4515
In base 2, what is -100101 + -1111010?
-10011111
In base 10, what is 1 + -1621?
-1620
In base 3, what is 101 - -2002210?
2010011
In base 12, what is 3 - 18?
-15
In base 11, what is 35 - -3?
38
In base 7, what is 1 + -3325?
-3324
In base 8, what is -5 - 266?
-273
In base 3, what is 121122211 + -2?
121122202
In base 11, what is 22 + -49?
-27
In base 6, what is 110 + 1121?
1231
In base 4, what is -10 + 1023?
1013
In base 10, what is -286 + 76?
-210
In base 7, what is -602 + -16?
-621
In base 12, what is -10 + 13?
3
In base 1